{"id":1806,"date":"2025-06-20T06:04:54","date_gmt":"2025-06-20T03:04:54","guid":{"rendered":"https:\/\/parkolik.com\/?page_id=1806"},"modified":"2025-06-23T10:17:05","modified_gmt":"2025-06-23T07:17:05","slug":"engelsiz-serisi","status":"publish","type":"page","link":"https:\/\/parkolik.com\/index.php\/engelsiz-serisi\/","title":{"rendered":"Engelsiz Serisi"},"content":{"rendered":"\n<figure class=\"wp-block-gallery has-nested-images columns-default is-cropped wp-block-gallery-2 is-layout-flex wp-block-gallery-is-layout-flex\">\n<figure data-wp-context=\"{&quot;imageId&quot;:&quot;69e2406138b29&quot;}\" data-wp-interactive=\"core\/image\" data-wp-key=\"69e2406138b29\" class=\"wp-block-image size-full is-resized is-style-rounded wp-duotone-unset-1 wp-lightbox-container\"><img loading=\"lazy\" decoding=\"async\" width=\"300\" height=\"300\" data-wp-class--hide=\"state.isContentHidden\" data-wp-class--show=\"state.isContentVisible\" data-wp-init=\"callbacks.setButtonStyles\" data-wp-on--click=\"actions.showLightbox\" data-wp-on--load=\"callbacks.setButtonStyles\" data-wp-on-window--resize=\"callbacks.setButtonStyles\" data-id=\"2113\" src=\"https:\/\/parkolik.com\/wp-content\/uploads\/2025\/06\/PIP-900-300x300-1.jpg\" alt=\"\" class=\"wp-image-2113\" style=\"object-fit:cover;width:220px;height:200px\" srcset=\"https:\/\/parkolik.com\/wp-content\/uploads\/2025\/06\/PIP-900-300x300-1.jpg 300w, https:\/\/parkolik.com\/wp-content\/uploads\/2025\/06\/PIP-900-300x300-1-150x150.jpg 150w\" sizes=\"auto, (max-width: 300px) 100vw, 300px\" \/><button\n\t\t\tclass=\"lightbox-trigger\"\n\t\t\ttype=\"button\"\n\t\t\taria-haspopup=\"dialog\"\n\t\t\taria-label=\"B\u00fcy\u00fct\"\n\t\t\tdata-wp-init=\"callbacks.initTriggerButton\"\n\t\t\tdata-wp-on--click=\"actions.showLightbox\"\n\t\t\tdata-wp-style--right=\"state.imageButtonRight\"\n\t\t\tdata-wp-style--top=\"state.imageButtonTop\"\n\t\t>\n\t\t\t<svg xmlns=\"http:\/\/www.w3.org\/2000\/svg\" width=\"12\" height=\"12\" fill=\"none\" viewBox=\"0 0 12 12\">\n\t\t\t\t<path fill=\"#fff\" d=\"M2 0a2 2 0 0 0-2 2v2h1.5V2a.5.5 0 0 1 .5-.5h2V0H2Zm2 10.5H2a.5.5 0 0 1-.5-.5V8H0v2a2 2 0 0 0 2 2h2v-1.5ZM8 12v-1.5h2a.5.5 0 0 0 .5-.5V8H12v2a2 2 0 0 1-2 2H8Zm2-12a2 2 0 0 1 2 2v2h-1.5V2a.5.5 0 0 0-.5-.5H8V0h2Z\" \/>\n\t\t\t<\/svg>\n\t\t<\/button><figcaption class=\"wp-element-caption\"><a href=\"https:\/\/parkolik.com\/index.php\/engelsiz-serisi-par-1001\/\" data-type=\"page\" data-id=\"2119\"><strong>Engelsiz Serisi<\/strong> <br><strong>Par 1001<\/strong><\/a><\/figcaption><\/figure>\n\n\n\n<figure data-wp-context=\"{&quot;imageId&quot;:&quot;69e2406139f16&quot;}\" data-wp-interactive=\"core\/image\" data-wp-key=\"69e2406139f16\" class=\"wp-block-image size-full is-resized is-style-rounded wp-lightbox-container\"><img loading=\"lazy\" decoding=\"async\" width=\"300\" height=\"300\" data-wp-class--hide=\"state.isContentHidden\" data-wp-class--show=\"state.isContentVisible\" data-wp-init=\"callbacks.setButtonStyles\" data-wp-on--click=\"actions.showLightbox\" data-wp-on--load=\"callbacks.setButtonStyles\" data-wp-on-window--resize=\"callbacks.setButtonStyles\" data-id=\"2114\" src=\"https:\/\/parkolik.com\/wp-content\/uploads\/2025\/06\/PIP-901-300x300-1.jpg\" alt=\"\" class=\"wp-image-2114\" style=\"object-fit:cover;width:200px;height:200px\" srcset=\"https:\/\/parkolik.com\/wp-content\/uploads\/2025\/06\/PIP-901-300x300-1.jpg 300w, https:\/\/parkolik.com\/wp-content\/uploads\/2025\/06\/PIP-901-300x300-1-150x150.jpg 150w\" sizes=\"auto, (max-width: 300px) 100vw, 300px\" \/><button\n\t\t\tclass=\"lightbox-trigger\"\n\t\t\ttype=\"button\"\n\t\t\taria-haspopup=\"dialog\"\n\t\t\taria-label=\"B\u00fcy\u00fct\"\n\t\t\tdata-wp-init=\"callbacks.initTriggerButton\"\n\t\t\tdata-wp-on--click=\"actions.showLightbox\"\n\t\t\tdata-wp-style--right=\"state.imageButtonRight\"\n\t\t\tdata-wp-style--top=\"state.imageButtonTop\"\n\t\t>\n\t\t\t<svg xmlns=\"http:\/\/www.w3.org\/2000\/svg\" width=\"12\" height=\"12\" fill=\"none\" viewBox=\"0 0 12 12\">\n\t\t\t\t<path fill=\"#fff\" d=\"M2 0a2 2 0 0 0-2 2v2h1.5V2a.5.5 0 0 1 .5-.5h2V0H2Zm2 10.5H2a.5.5 0 0 1-.5-.5V8H0v2a2 2 0 0 0 2 2h2v-1.5ZM8 12v-1.5h2a.5.5 0 0 0 .5-.5V8H12v2a2 2 0 0 1-2 2H8Zm2-12a2 2 0 0 1 2 2v2h-1.5V2a.5.5 0 0 0-.5-.5H8V0h2Z\" \/>\n\t\t\t<\/svg>\n\t\t<\/button><figcaption class=\"wp-element-caption\"><a href=\"https:\/\/parkolik.com\/index.php\/engelsiz-serisi-par-1002\/\" data-type=\"page\" data-id=\"2121\"><strong><strong><strong>Engelsiz<\/strong> Serisi<\/strong> <br>Par 100<\/strong>2<\/a><\/figcaption><\/figure>\n\n\n\n<figure data-wp-context=\"{&quot;imageId&quot;:&quot;69e240613c1af&quot;}\" data-wp-interactive=\"core\/image\" data-wp-key=\"69e240613c1af\" class=\"wp-block-image size-full is-resized is-style-rounded wp-lightbox-container\"><img loading=\"lazy\" decoding=\"async\" width=\"300\" height=\"300\" data-wp-class--hide=\"state.isContentHidden\" data-wp-class--show=\"state.isContentVisible\" data-wp-init=\"callbacks.setButtonStyles\" data-wp-on--click=\"actions.showLightbox\" data-wp-on--load=\"callbacks.setButtonStyles\" data-wp-on-window--resize=\"callbacks.setButtonStyles\" data-id=\"2115\" src=\"https:\/\/parkolik.com\/wp-content\/uploads\/2025\/06\/PIP-902-300x300-1.jpg\" alt=\"\" class=\"wp-image-2115\" style=\"object-fit:cover;width:200px;height:200px\" srcset=\"https:\/\/parkolik.com\/wp-content\/uploads\/2025\/06\/PIP-902-300x300-1.jpg 300w, https:\/\/parkolik.com\/wp-content\/uploads\/2025\/06\/PIP-902-300x300-1-150x150.jpg 150w\" sizes=\"auto, (max-width: 300px) 100vw, 300px\" \/><button\n\t\t\tclass=\"lightbox-trigger\"\n\t\t\ttype=\"button\"\n\t\t\taria-haspopup=\"dialog\"\n\t\t\taria-label=\"B\u00fcy\u00fct\"\n\t\t\tdata-wp-init=\"callbacks.initTriggerButton\"\n\t\t\tdata-wp-on--click=\"actions.showLightbox\"\n\t\t\tdata-wp-style--right=\"state.imageButtonRight\"\n\t\t\tdata-wp-style--top=\"state.imageButtonTop\"\n\t\t>\n\t\t\t<svg xmlns=\"http:\/\/www.w3.org\/2000\/svg\" width=\"12\" height=\"12\" fill=\"none\" viewBox=\"0 0 12 12\">\n\t\t\t\t<path fill=\"#fff\" d=\"M2 0a2 2 0 0 0-2 2v2h1.5V2a.5.5 0 0 1 .5-.5h2V0H2Zm2 10.5H2a.5.5 0 0 1-.5-.5V8H0v2a2 2 0 0 0 2 2h2v-1.5ZM8 12v-1.5h2a.5.5 0 0 0 .5-.5V8H12v2a2 2 0 0 1-2 2H8Zm2-12a2 2 0 0 1 2 2v2h-1.5V2a.5.5 0 0 0-.5-.5H8V0h2Z\" \/>\n\t\t\t<\/svg>\n\t\t<\/button><figcaption class=\"wp-element-caption\"><a href=\"https:\/\/parkolik.com\/index.php\/engelsiz-serisi-par-1003\/\" data-type=\"page\" data-id=\"2123\"><strong><strong><strong>Engelsiz<\/strong> Serisi<\/strong> <br>Par 100<\/strong>3<\/a><\/figcaption><\/figure>\n\n\n\n<figure data-wp-context=\"{&quot;imageId&quot;:&quot;69e240613e34f&quot;}\" data-wp-interactive=\"core\/image\" data-wp-key=\"69e240613e34f\" class=\"wp-block-image size-full is-resized is-style-rounded wp-lightbox-container\"><img loading=\"lazy\" decoding=\"async\" width=\"300\" height=\"300\" data-wp-class--hide=\"state.isContentHidden\" data-wp-class--show=\"state.isContentVisible\" data-wp-init=\"callbacks.setButtonStyles\" data-wp-on--click=\"actions.showLightbox\" data-wp-on--load=\"callbacks.setButtonStyles\" data-wp-on-window--resize=\"callbacks.setButtonStyles\" data-id=\"2116\" src=\"https:\/\/parkolik.com\/wp-content\/uploads\/2025\/06\/PIP-903-300x300-2.jpg\" alt=\"\" class=\"wp-image-2116\" style=\"object-fit:cover;width:220px;height:200px\" srcset=\"https:\/\/parkolik.com\/wp-content\/uploads\/2025\/06\/PIP-903-300x300-2.jpg 300w, https:\/\/parkolik.com\/wp-content\/uploads\/2025\/06\/PIP-903-300x300-2-150x150.jpg 150w\" sizes=\"auto, (max-width: 300px) 100vw, 300px\" \/><button\n\t\t\tclass=\"lightbox-trigger\"\n\t\t\ttype=\"button\"\n\t\t\taria-haspopup=\"dialog\"\n\t\t\taria-label=\"B\u00fcy\u00fct\"\n\t\t\tdata-wp-init=\"callbacks.initTriggerButton\"\n\t\t\tdata-wp-on--click=\"actions.showLightbox\"\n\t\t\tdata-wp-style--right=\"state.imageButtonRight\"\n\t\t\tdata-wp-style--top=\"state.imageButtonTop\"\n\t\t>\n\t\t\t<svg xmlns=\"http:\/\/www.w3.org\/2000\/svg\" width=\"12\" height=\"12\" fill=\"none\" viewBox=\"0 0 12 12\">\n\t\t\t\t<path fill=\"#fff\" d=\"M2 0a2 2 0 0 0-2 2v2h1.5V2a.5.5 0 0 1 .5-.5h2V0H2Zm2 10.5H2a.5.5 0 0 1-.5-.5V8H0v2a2 2 0 0 0 2 2h2v-1.5ZM8 12v-1.5h2a.5.5 0 0 0 .5-.5V8H12v2a2 2 0 0 1-2 2H8Zm2-12a2 2 0 0 1 2 2v2h-1.5V2a.5.5 0 0 0-.5-.5H8V0h2Z\" \/>\n\t\t\t<\/svg>\n\t\t<\/button><figcaption class=\"wp-element-caption\"><strong><a href=\"https:\/\/parkolik.com\/index.php\/engelsiz-serisi-par-1004\/\" data-type=\"page\" data-id=\"2125\"><strong><strong>Engelsiz <\/strong>Serisi<\/strong> <br>Par 1004<\/a><\/strong><\/figcaption><\/figure>\n\n\n\n<figure data-wp-context=\"{&quot;imageId&quot;:&quot;69e240613fcf8&quot;}\" data-wp-interactive=\"core\/image\" data-wp-key=\"69e240613fcf8\" class=\"wp-block-image size-full is-resized is-style-rounded wp-lightbox-container\"><img loading=\"lazy\" decoding=\"async\" width=\"300\" height=\"300\" data-wp-class--hide=\"state.isContentHidden\" data-wp-class--show=\"state.isContentVisible\" data-wp-init=\"callbacks.setButtonStyles\" data-wp-on--click=\"actions.showLightbox\" data-wp-on--load=\"callbacks.setButtonStyles\" data-wp-on-window--resize=\"callbacks.setButtonStyles\" data-id=\"2117\" src=\"https:\/\/parkolik.com\/wp-content\/uploads\/2025\/06\/PIP-904jpg-300x300-1.jpg\" alt=\"\" class=\"wp-image-2117\" style=\"object-fit:cover;width:220px;height:200px\" srcset=\"https:\/\/parkolik.com\/wp-content\/uploads\/2025\/06\/PIP-904jpg-300x300-1.jpg 300w, https:\/\/parkolik.com\/wp-content\/uploads\/2025\/06\/PIP-904jpg-300x300-1-150x150.jpg 150w\" sizes=\"auto, (max-width: 300px) 100vw, 300px\" \/><button\n\t\t\tclass=\"lightbox-trigger\"\n\t\t\ttype=\"button\"\n\t\t\taria-haspopup=\"dialog\"\n\t\t\taria-label=\"B\u00fcy\u00fct\"\n\t\t\tdata-wp-init=\"callbacks.initTriggerButton\"\n\t\t\tdata-wp-on--click=\"actions.showLightbox\"\n\t\t\tdata-wp-style--right=\"state.imageButtonRight\"\n\t\t\tdata-wp-style--top=\"state.imageButtonTop\"\n\t\t>\n\t\t\t<svg xmlns=\"http:\/\/www.w3.org\/2000\/svg\" width=\"12\" height=\"12\" fill=\"none\" viewBox=\"0 0 12 12\">\n\t\t\t\t<path fill=\"#fff\" d=\"M2 0a2 2 0 0 0-2 2v2h1.5V2a.5.5 0 0 1 .5-.5h2V0H2Zm2 10.5H2a.5.5 0 0 1-.5-.5V8H0v2a2 2 0 0 0 2 2h2v-1.5ZM8 12v-1.5h2a.5.5 0 0 0 .5-.5V8H12v2a2 2 0 0 1-2 2H8Zm2-12a2 2 0 0 1 2 2v2h-1.5V2a.5.5 0 0 0-.5-.5H8V0h2Z\" \/>\n\t\t\t<\/svg>\n\t\t<\/button><figcaption class=\"wp-element-caption\"><a href=\"https:\/\/parkolik.com\/index.php\/engelsiz-serisi-par-1005\/\" data-type=\"page\" data-id=\"2127\"><strong><strong><strong><strong>Engelsiz<\/strong> Serisi<\/strong> <br>Par 100<\/strong><\/strong>5<\/a><\/figcaption><\/figure>\n\n\n\n<figure data-wp-context=\"{&quot;imageId&quot;:&quot;69e240614761f&quot;}\" data-wp-interactive=\"core\/image\" data-wp-key=\"69e240614761f\" class=\"wp-block-image size-full is-resized is-style-rounded wp-lightbox-container\"><img loading=\"lazy\" decoding=\"async\" width=\"300\" height=\"300\" data-wp-class--hide=\"state.isContentHidden\" data-wp-class--show=\"state.isContentVisible\" data-wp-init=\"callbacks.setButtonStyles\" data-wp-on--click=\"actions.showLightbox\" data-wp-on--load=\"callbacks.setButtonStyles\" data-wp-on-window--resize=\"callbacks.setButtonStyles\" data-id=\"2118\" src=\"https:\/\/parkolik.com\/wp-content\/uploads\/2025\/06\/PIP-905jpg-300x300-1.jpg\" alt=\"\" class=\"wp-image-2118\" style=\"object-fit:cover;width:220px;height:200px\" srcset=\"https:\/\/parkolik.com\/wp-content\/uploads\/2025\/06\/PIP-905jpg-300x300-1.jpg 300w, https:\/\/parkolik.com\/wp-content\/uploads\/2025\/06\/PIP-905jpg-300x300-1-150x150.jpg 150w\" sizes=\"auto, (max-width: 300px) 100vw, 300px\" \/><button\n\t\t\tclass=\"lightbox-trigger\"\n\t\t\ttype=\"button\"\n\t\t\taria-haspopup=\"dialog\"\n\t\t\taria-label=\"B\u00fcy\u00fct\"\n\t\t\tdata-wp-init=\"callbacks.initTriggerButton\"\n\t\t\tdata-wp-on--click=\"actions.showLightbox\"\n\t\t\tdata-wp-style--right=\"state.imageButtonRight\"\n\t\t\tdata-wp-style--top=\"state.imageButtonTop\"\n\t\t>\n\t\t\t<svg xmlns=\"http:\/\/www.w3.org\/2000\/svg\" width=\"12\" height=\"12\" fill=\"none\" viewBox=\"0 0 12 12\">\n\t\t\t\t<path fill=\"#fff\" d=\"M2 0a2 2 0 0 0-2 2v2h1.5V2a.5.5 0 0 1 .5-.5h2V0H2Zm2 10.5H2a.5.5 0 0 1-.5-.5V8H0v2a2 2 0 0 0 2 2h2v-1.5ZM8 12v-1.5h2a.5.5 0 0 0 .5-.5V8H12v2a2 2 0 0 1-2 2H8Zm2-12a2 2 0 0 1 2 2v2h-1.5V2a.5.5 0 0 0-.5-.5H8V0h2Z\" \/>\n\t\t\t<\/svg>\n\t\t<\/button><figcaption class=\"wp-element-caption\"><a href=\"https:\/\/parkolik.com\/index.php\/engelsiz-serisi-par-1006\/\" data-type=\"page\" data-id=\"2129\"><strong><strong><strong><strong><strong>Engelsiz<\/strong> Serisi<\/strong> <br>Par 100<\/strong><\/strong><\/strong>6<\/a><\/figcaption><\/figure>\n<\/figure>\n\n\n\n<hr class=\"wp-block-separator has-alpha-channel-opacity\"\/>\n\n\n\n<h3 class=\"wp-block-heading\">\u267f Engelsiz Serisi: Her \u00c7ocuk \u0130\u00e7in E\u015fit ve Eri\u015filebilir Oyun Alanlar\u0131<\/h3>\n\n\n\n<p><strong>Engelsiz Serisi<\/strong>, fiziksel engeli olan \u00e7ocuklar\u0131n da ya\u015f\u0131tlar\u0131yla birlikte oyun oynayabilece\u011fi, \u00f6zg\u00fcrce hareket edebilece\u011fi ve sosyalle\u015febilece\u011fi \u00f6zel oyun gruplar\u0131n\u0131 kapsar. Her \u00e7ocu\u011fun oyun hakk\u0131 oldu\u011funa inanan bu seri, kapsay\u0131c\u0131l\u0131\u011f\u0131 ve eri\u015filebilirli\u011fi \u00f6n planda tutar.<\/p>\n\n\n\n<h4 class=\"wp-block-heading\">\ud83c\udf08 Herkes \u0130\u00e7in Oyun<\/h4>\n\n\n\n<p>Engelsiz Serisi; tekerlekli sandalye kullan\u0131c\u0131lar\u0131na uygun rampalar, d\u00fc\u015f\u00fck platform y\u00fckseklikleri, geni\u015f ge\u00e7i\u015f alanlar\u0131 ve \u00f6zel tasarlanm\u0131\u015f ekipmanlarla, engelli \u00e7ocuklar\u0131n oyunlara aktif olarak kat\u0131lmas\u0131na olanak sa\u011flar. Ayn\u0131 zamanda engelli olmayan \u00e7ocuklarla birlikte oynayabilecekleri alanlar olu\u015fturarak sosyal b\u00fct\u00fcnle\u015fmeyi te\u015fvik eder.<\/p>\n\n\n\n<h4 class=\"wp-block-heading\">\ud83e\udde0 Duyusal Geli\u015fimi Destekler<\/h4>\n\n\n\n<p>Sadece fiziksel de\u011fil, zihinsel ve duyusal farkl\u0131l\u0131klara sahip \u00e7ocuklar i\u00e7in de uygun olan tasar\u0131mlar i\u00e7erir. Duyusal paneller, sesli-\u0131\u015f\u0131kl\u0131 oyun elemanlar\u0131 ve farkl\u0131 dokularla \u00e7ocuklar\u0131n ke\u015ffetmesini ve \u00f6\u011frenmesini te\u015fvik eder.<\/p>\n\n\n\n<h4 class=\"wp-block-heading\">\ud83d\udee1\ufe0f G\u00fcvenli ve Standartlara Uygun<\/h4>\n\n\n\n<p>Engelsiz Serisi \u00fcr\u00fcnleri, Avrupa g\u00fcvenlik standartlar\u0131na (EN1176 ve EN1177) uygun olarak \u00fcretilir. Her detay \u00e7ocuk g\u00fcvenli\u011fi d\u00fc\u015f\u00fcn\u00fclerek tasarlanm\u0131\u015f olup, yumu\u015fak y\u00fczeyli kaplamalar ve kau\u00e7uk zemin uygulamalar\u0131 ile desteklenir.<\/p>\n\n\n\n<h4 class=\"wp-block-heading\">\ud83d\udc68\u200d\ud83d\udc69\u200d\ud83d\udc67\u200d\ud83d\udc66 Aile Dostu Alanlar<\/h4>\n\n\n\n<p>Bu seride yaln\u0131zca \u00e7ocuklar de\u011fil, refakat\u00e7ileri de d\u00fc\u015f\u00fcn\u00fcl\u00fcr. Dinlenme alanlar\u0131, g\u00f6lgelikler ve bilgilendirici y\u00f6nlendirmelerle kullan\u0131c\u0131 dostu bir park deneyimi sunulur.<\/p>\n\n\n\n<hr class=\"wp-block-separator has-alpha-channel-opacity\"\/>\n\n\n\n<h3 class=\"wp-block-heading\">\ud83d\udcac Engelsiz Serisi ile:<\/h3>\n\n\n\n<ul class=\"wp-block-list\">\n<li>Her \u00e7ocu\u011fa e\u015fit oyun hakk\u0131 tan\u0131rs\u0131n\u0131z<\/li>\n\n\n\n<li>Sosyal kapsay\u0131c\u0131l\u0131\u011f\u0131 art\u0131r\u0131rs\u0131n\u0131z<\/li>\n\n\n\n<li>Toplumun her kesimini bir araya getirirsiniz<\/li>\n<\/ul>\n\n\n\n<p>\ud83e\udde9 <strong>Engelsiz Serisi<\/strong>, sadece bir oyun alan\u0131 de\u011fil, ayn\u0131 zamanda fark\u0131ndal\u0131k ve empatiyle \u015fekillenen bir ya\u015fam alan\u0131d\u0131r.<\/p>\n","protected":false},"excerpt":{"rendered":"<p>\u267f Engelsiz Serisi: Her \u00c7ocuk \u0130\u00e7in E\u015fit ve Eri\u015filebilir Oyun Alanlar\u0131 Engelsiz Serisi, fiziksel engeli olan \u00e7ocuklar\u0131n da ya\u015f\u0131tlar\u0131yla birlikte oyun oynayabilece\u011fi, \u00f6zg\u00fcrce hareket edebilece\u011fi ve sosyalle\u015febilece\u011fi \u00f6zel oyun gruplar\u0131n\u0131 kapsar. Her \u00e7ocu\u011fun oyun hakk\u0131 oldu\u011funa inanan bu seri, kapsay\u0131c\u0131l\u0131\u011f\u0131 ve eri\u015filebilirli\u011fi \u00f6n planda tutar. \ud83c\udf08 Herkes \u0130\u00e7in Oyun Engelsiz Serisi; tekerlekli sandalye kullan\u0131c\u0131lar\u0131na uygun [&hellip;]<\/p>\n","protected":false},"author":1,"featured_media":0,"parent":0,"menu_order":0,"comment_status":"closed","ping_status":"closed","template":"","meta":{"footnotes":""},"class_list":["post-1806","page","type-page","status-publish","hentry"],"_links":{"self":[{"href":"https:\/\/parkolik.com\/index.php\/wp-json\/wp\/v2\/pages\/1806","targetHints":{"allow":["GET"]}}],"collection":[{"href":"https:\/\/parkolik.com\/index.php\/wp-json\/wp\/v2\/pages"}],"about":[{"href":"https:\/\/parkolik.com\/index.php\/wp-json\/wp\/v2\/types\/page"}],"author":[{"embeddable":true,"href":"https:\/\/parkolik.com\/index.php\/wp-json\/wp\/v2\/users\/1"}],"replies":[{"embeddable":true,"href":"https:\/\/parkolik.com\/index.php\/wp-json\/wp\/v2\/comments?post=1806"}],"version-history":[{"count":2,"href":"https:\/\/parkolik.com\/index.php\/wp-json\/wp\/v2\/pages\/1806\/revisions"}],"predecessor-version":[{"id":2131,"href":"https:\/\/parkolik.com\/index.php\/wp-json\/wp\/v2\/pages\/1806\/revisions\/2131"}],"wp:attachment":[{"href":"https:\/\/parkolik.com\/index.php\/wp-json\/wp\/v2\/media?parent=1806"}],"curies":[{"name":"wp","href":"https:\/\/api.w.org\/{rel}","templated":true}]}}