{"id":1837,"date":"2025-06-20T06:13:19","date_gmt":"2025-06-20T03:13:19","guid":{"rendered":"https:\/\/parkolik.com\/?page_id=1837"},"modified":"2025-07-01T07:22:26","modified_gmt":"2025-07-01T04:22:26","slug":"tren-serisi","status":"publish","type":"page","link":"https:\/\/parkolik.com\/index.php\/tren-serisi\/","title":{"rendered":"Tren Serisi"},"content":{"rendered":"\n<figure class=\"wp-block-gallery has-nested-images columns-default is-cropped wp-block-gallery-2 is-layout-flex wp-block-gallery-is-layout-flex\">\n<figure data-wp-context=\"{&quot;imageId&quot;:&quot;69e24060e1f9d&quot;}\" data-wp-interactive=\"core\/image\" data-wp-key=\"69e24060e1f9d\" class=\"wp-block-image size-full is-resized is-style-rounded wp-duotone-unset-1 wp-lightbox-container\"><img loading=\"lazy\" decoding=\"async\" width=\"300\" height=\"300\" data-wp-class--hide=\"state.isContentHidden\" data-wp-class--show=\"state.isContentVisible\" data-wp-init=\"callbacks.setButtonStyles\" data-wp-on--click=\"actions.showLightbox\" data-wp-on--load=\"callbacks.setButtonStyles\" data-wp-on-window--resize=\"callbacks.setButtonStyles\" data-id=\"2838\" src=\"https:\/\/parkolik.com\/wp-content\/uploads\/2025\/07\/Basliksiz-1-300x300-1.jpg\" alt=\"\" class=\"wp-image-2838\" style=\"object-fit:cover;width:220px;height:200px\" srcset=\"https:\/\/parkolik.com\/wp-content\/uploads\/2025\/07\/Basliksiz-1-300x300-1.jpg 300w, https:\/\/parkolik.com\/wp-content\/uploads\/2025\/07\/Basliksiz-1-300x300-1-150x150.jpg 150w\" sizes=\"auto, (max-width: 300px) 100vw, 300px\" \/><button\n\t\t\tclass=\"lightbox-trigger\"\n\t\t\ttype=\"button\"\n\t\t\taria-haspopup=\"dialog\"\n\t\t\taria-label=\"B\u00fcy\u00fct\"\n\t\t\tdata-wp-init=\"callbacks.initTriggerButton\"\n\t\t\tdata-wp-on--click=\"actions.showLightbox\"\n\t\t\tdata-wp-style--right=\"state.imageButtonRight\"\n\t\t\tdata-wp-style--top=\"state.imageButtonTop\"\n\t\t>\n\t\t\t<svg xmlns=\"http:\/\/www.w3.org\/2000\/svg\" width=\"12\" height=\"12\" fill=\"none\" viewBox=\"0 0 12 12\">\n\t\t\t\t<path fill=\"#fff\" d=\"M2 0a2 2 0 0 0-2 2v2h1.5V2a.5.5 0 0 1 .5-.5h2V0H2Zm2 10.5H2a.5.5 0 0 1-.5-.5V8H0v2a2 2 0 0 0 2 2h2v-1.5ZM8 12v-1.5h2a.5.5 0 0 0 .5-.5V8H12v2a2 2 0 0 1-2 2H8Zm2-12a2 2 0 0 1 2 2v2h-1.5V2a.5.5 0 0 0-.5-.5H8V0h2Z\" \/>\n\t\t\t<\/svg>\n\t\t<\/button><figcaption class=\"wp-element-caption\"><a href=\"https:\/\/parkolik.com\/index.php\/tren-serisi-par-1001\/\" data-type=\"page\" data-id=\"2845\"><strong>Tren Serisi <br>Par 1001<\/strong><\/a><\/figcaption><\/figure>\n\n\n\n<figure data-wp-context=\"{&quot;imageId&quot;:&quot;69e24060e4a0d&quot;}\" data-wp-interactive=\"core\/image\" data-wp-key=\"69e24060e4a0d\" class=\"wp-block-image size-full is-resized is-style-rounded wp-lightbox-container\"><img loading=\"lazy\" decoding=\"async\" width=\"300\" height=\"300\" data-wp-class--hide=\"state.isContentHidden\" data-wp-class--show=\"state.isContentVisible\" data-wp-init=\"callbacks.setButtonStyles\" data-wp-on--click=\"actions.showLightbox\" data-wp-on--load=\"callbacks.setButtonStyles\" data-wp-on-window--resize=\"callbacks.setButtonStyles\" data-id=\"2839\" src=\"https:\/\/parkolik.com\/wp-content\/uploads\/2025\/07\/PPT-114-300x300-1.jpg\" alt=\"\" class=\"wp-image-2839\" style=\"object-fit:cover;width:200px;height:200px\" srcset=\"https:\/\/parkolik.com\/wp-content\/uploads\/2025\/07\/PPT-114-300x300-1.jpg 300w, https:\/\/parkolik.com\/wp-content\/uploads\/2025\/07\/PPT-114-300x300-1-150x150.jpg 150w\" sizes=\"auto, (max-width: 300px) 100vw, 300px\" \/><button\n\t\t\tclass=\"lightbox-trigger\"\n\t\t\ttype=\"button\"\n\t\t\taria-haspopup=\"dialog\"\n\t\t\taria-label=\"B\u00fcy\u00fct\"\n\t\t\tdata-wp-init=\"callbacks.initTriggerButton\"\n\t\t\tdata-wp-on--click=\"actions.showLightbox\"\n\t\t\tdata-wp-style--right=\"state.imageButtonRight\"\n\t\t\tdata-wp-style--top=\"state.imageButtonTop\"\n\t\t>\n\t\t\t<svg xmlns=\"http:\/\/www.w3.org\/2000\/svg\" width=\"12\" height=\"12\" fill=\"none\" viewBox=\"0 0 12 12\">\n\t\t\t\t<path fill=\"#fff\" d=\"M2 0a2 2 0 0 0-2 2v2h1.5V2a.5.5 0 0 1 .5-.5h2V0H2Zm2 10.5H2a.5.5 0 0 1-.5-.5V8H0v2a2 2 0 0 0 2 2h2v-1.5ZM8 12v-1.5h2a.5.5 0 0 0 .5-.5V8H12v2a2 2 0 0 1-2 2H8Zm2-12a2 2 0 0 1 2 2v2h-1.5V2a.5.5 0 0 0-.5-.5H8V0h2Z\" \/>\n\t\t\t<\/svg>\n\t\t<\/button><figcaption class=\"wp-element-caption\"><strong><a href=\"https:\/\/parkolik.com\/index.php\/tren-serisi-par-1002\/\" data-type=\"page\" data-id=\"2847\">Tren Serisi <br>Par 1002<\/a><\/strong><\/figcaption><\/figure>\n\n\n\n<figure data-wp-context=\"{&quot;imageId&quot;:&quot;69e2406103e6b&quot;}\" data-wp-interactive=\"core\/image\" data-wp-key=\"69e2406103e6b\" class=\"wp-block-image size-full is-resized is-style-rounded wp-lightbox-container\"><img loading=\"lazy\" decoding=\"async\" width=\"300\" height=\"300\" data-wp-class--hide=\"state.isContentHidden\" data-wp-class--show=\"state.isContentVisible\" data-wp-init=\"callbacks.setButtonStyles\" data-wp-on--click=\"actions.showLightbox\" data-wp-on--load=\"callbacks.setButtonStyles\" data-wp-on-window--resize=\"callbacks.setButtonStyles\" data-id=\"2840\" src=\"https:\/\/parkolik.com\/wp-content\/uploads\/2025\/07\/PPT-115-300x300-1.jpg\" alt=\"\" class=\"wp-image-2840\" style=\"object-fit:cover;width:200px;height:200px\" srcset=\"https:\/\/parkolik.com\/wp-content\/uploads\/2025\/07\/PPT-115-300x300-1.jpg 300w, https:\/\/parkolik.com\/wp-content\/uploads\/2025\/07\/PPT-115-300x300-1-150x150.jpg 150w\" sizes=\"auto, (max-width: 300px) 100vw, 300px\" \/><button\n\t\t\tclass=\"lightbox-trigger\"\n\t\t\ttype=\"button\"\n\t\t\taria-haspopup=\"dialog\"\n\t\t\taria-label=\"B\u00fcy\u00fct\"\n\t\t\tdata-wp-init=\"callbacks.initTriggerButton\"\n\t\t\tdata-wp-on--click=\"actions.showLightbox\"\n\t\t\tdata-wp-style--right=\"state.imageButtonRight\"\n\t\t\tdata-wp-style--top=\"state.imageButtonTop\"\n\t\t>\n\t\t\t<svg xmlns=\"http:\/\/www.w3.org\/2000\/svg\" width=\"12\" height=\"12\" fill=\"none\" viewBox=\"0 0 12 12\">\n\t\t\t\t<path fill=\"#fff\" d=\"M2 0a2 2 0 0 0-2 2v2h1.5V2a.5.5 0 0 1 .5-.5h2V0H2Zm2 10.5H2a.5.5 0 0 1-.5-.5V8H0v2a2 2 0 0 0 2 2h2v-1.5ZM8 12v-1.5h2a.5.5 0 0 0 .5-.5V8H12v2a2 2 0 0 1-2 2H8Zm2-12a2 2 0 0 1 2 2v2h-1.5V2a.5.5 0 0 0-.5-.5H8V0h2Z\" \/>\n\t\t\t<\/svg>\n\t\t<\/button><figcaption class=\"wp-element-caption\"><strong><a href=\"https:\/\/parkolik.com\/index.php\/tren-serisi-par-1003\/\" data-type=\"page\" data-id=\"2849\">Tren Serisi <br>Par 1003<\/a><\/strong><\/figcaption><\/figure>\n\n\n\n<figure data-wp-context=\"{&quot;imageId&quot;:&quot;69e24061054fa&quot;}\" data-wp-interactive=\"core\/image\" data-wp-key=\"69e24061054fa\" class=\"wp-block-image size-full is-resized is-style-rounded wp-lightbox-container\"><img loading=\"lazy\" decoding=\"async\" width=\"300\" height=\"300\" data-wp-class--hide=\"state.isContentHidden\" data-wp-class--show=\"state.isContentVisible\" data-wp-init=\"callbacks.setButtonStyles\" data-wp-on--click=\"actions.showLightbox\" data-wp-on--load=\"callbacks.setButtonStyles\" data-wp-on-window--resize=\"callbacks.setButtonStyles\" data-id=\"2841\" src=\"https:\/\/parkolik.com\/wp-content\/uploads\/2025\/07\/PPT-116-300x300-1.jpg\" alt=\"\" class=\"wp-image-2841\" style=\"object-fit:cover;width:220px;height:200px\" srcset=\"https:\/\/parkolik.com\/wp-content\/uploads\/2025\/07\/PPT-116-300x300-1.jpg 300w, https:\/\/parkolik.com\/wp-content\/uploads\/2025\/07\/PPT-116-300x300-1-150x150.jpg 150w\" sizes=\"auto, (max-width: 300px) 100vw, 300px\" \/><button\n\t\t\tclass=\"lightbox-trigger\"\n\t\t\ttype=\"button\"\n\t\t\taria-haspopup=\"dialog\"\n\t\t\taria-label=\"B\u00fcy\u00fct\"\n\t\t\tdata-wp-init=\"callbacks.initTriggerButton\"\n\t\t\tdata-wp-on--click=\"actions.showLightbox\"\n\t\t\tdata-wp-style--right=\"state.imageButtonRight\"\n\t\t\tdata-wp-style--top=\"state.imageButtonTop\"\n\t\t>\n\t\t\t<svg xmlns=\"http:\/\/www.w3.org\/2000\/svg\" width=\"12\" height=\"12\" fill=\"none\" viewBox=\"0 0 12 12\">\n\t\t\t\t<path fill=\"#fff\" d=\"M2 0a2 2 0 0 0-2 2v2h1.5V2a.5.5 0 0 1 .5-.5h2V0H2Zm2 10.5H2a.5.5 0 0 1-.5-.5V8H0v2a2 2 0 0 0 2 2h2v-1.5ZM8 12v-1.5h2a.5.5 0 0 0 .5-.5V8H12v2a2 2 0 0 1-2 2H8Zm2-12a2 2 0 0 1 2 2v2h-1.5V2a.5.5 0 0 0-.5-.5H8V0h2Z\" \/>\n\t\t\t<\/svg>\n\t\t<\/button><figcaption class=\"wp-element-caption\"><strong><a href=\"https:\/\/parkolik.com\/index.php\/tren-serisi-par-1005\/\" data-type=\"page\" data-id=\"2854\"><strong><strong>Tren<\/strong> Serisi<\/strong> <br>Par 1004<\/a><\/strong><\/figcaption><\/figure>\n\n\n\n<figure data-wp-context=\"{&quot;imageId&quot;:&quot;69e240610648f&quot;}\" data-wp-interactive=\"core\/image\" data-wp-key=\"69e240610648f\" class=\"wp-block-image size-full is-resized is-style-rounded wp-lightbox-container\"><img loading=\"lazy\" decoding=\"async\" width=\"300\" height=\"300\" data-wp-class--hide=\"state.isContentHidden\" data-wp-class--show=\"state.isContentVisible\" data-wp-init=\"callbacks.setButtonStyles\" data-wp-on--click=\"actions.showLightbox\" data-wp-on--load=\"callbacks.setButtonStyles\" data-wp-on-window--resize=\"callbacks.setButtonStyles\" data-id=\"2842\" src=\"https:\/\/parkolik.com\/wp-content\/uploads\/2025\/07\/PPT-117-300x300-1.jpg\" alt=\"\" class=\"wp-image-2842\" style=\"object-fit:cover;width:220px;height:200px\" srcset=\"https:\/\/parkolik.com\/wp-content\/uploads\/2025\/07\/PPT-117-300x300-1.jpg 300w, https:\/\/parkolik.com\/wp-content\/uploads\/2025\/07\/PPT-117-300x300-1-150x150.jpg 150w\" sizes=\"auto, (max-width: 300px) 100vw, 300px\" \/><button\n\t\t\tclass=\"lightbox-trigger\"\n\t\t\ttype=\"button\"\n\t\t\taria-haspopup=\"dialog\"\n\t\t\taria-label=\"B\u00fcy\u00fct\"\n\t\t\tdata-wp-init=\"callbacks.initTriggerButton\"\n\t\t\tdata-wp-on--click=\"actions.showLightbox\"\n\t\t\tdata-wp-style--right=\"state.imageButtonRight\"\n\t\t\tdata-wp-style--top=\"state.imageButtonTop\"\n\t\t>\n\t\t\t<svg xmlns=\"http:\/\/www.w3.org\/2000\/svg\" width=\"12\" height=\"12\" fill=\"none\" viewBox=\"0 0 12 12\">\n\t\t\t\t<path fill=\"#fff\" d=\"M2 0a2 2 0 0 0-2 2v2h1.5V2a.5.5 0 0 1 .5-.5h2V0H2Zm2 10.5H2a.5.5 0 0 1-.5-.5V8H0v2a2 2 0 0 0 2 2h2v-1.5ZM8 12v-1.5h2a.5.5 0 0 0 .5-.5V8H12v2a2 2 0 0 1-2 2H8Zm2-12a2 2 0 0 1 2 2v2h-1.5V2a.5.5 0 0 0-.5-.5H8V0h2Z\" \/>\n\t\t\t<\/svg>\n\t\t<\/button><figcaption class=\"wp-element-caption\"><strong><a href=\"https:\/\/parkolik.com\/index.php\/tren-serisi-par-1005\/\" data-type=\"page\" data-id=\"2854\">Tren Serisi <br>Par 1005<\/a><\/strong><\/figcaption><\/figure>\n\n\n\n<figure data-wp-context=\"{&quot;imageId&quot;:&quot;69e24061082b8&quot;}\" data-wp-interactive=\"core\/image\" data-wp-key=\"69e24061082b8\" class=\"wp-block-image size-full is-resized is-style-rounded wp-lightbox-container\"><img loading=\"lazy\" decoding=\"async\" width=\"300\" height=\"300\" data-wp-class--hide=\"state.isContentHidden\" data-wp-class--show=\"state.isContentVisible\" data-wp-init=\"callbacks.setButtonStyles\" data-wp-on--click=\"actions.showLightbox\" data-wp-on--load=\"callbacks.setButtonStyles\" data-wp-on-window--resize=\"callbacks.setButtonStyles\" data-id=\"2843\" src=\"https:\/\/parkolik.com\/wp-content\/uploads\/2025\/07\/PPT-118-300x300-1.jpg\" alt=\"\" class=\"wp-image-2843\" style=\"object-fit:cover;width:220px;height:200px\" srcset=\"https:\/\/parkolik.com\/wp-content\/uploads\/2025\/07\/PPT-118-300x300-1.jpg 300w, https:\/\/parkolik.com\/wp-content\/uploads\/2025\/07\/PPT-118-300x300-1-150x150.jpg 150w\" sizes=\"auto, (max-width: 300px) 100vw, 300px\" \/><button\n\t\t\tclass=\"lightbox-trigger\"\n\t\t\ttype=\"button\"\n\t\t\taria-haspopup=\"dialog\"\n\t\t\taria-label=\"B\u00fcy\u00fct\"\n\t\t\tdata-wp-init=\"callbacks.initTriggerButton\"\n\t\t\tdata-wp-on--click=\"actions.showLightbox\"\n\t\t\tdata-wp-style--right=\"state.imageButtonRight\"\n\t\t\tdata-wp-style--top=\"state.imageButtonTop\"\n\t\t>\n\t\t\t<svg xmlns=\"http:\/\/www.w3.org\/2000\/svg\" width=\"12\" height=\"12\" fill=\"none\" viewBox=\"0 0 12 12\">\n\t\t\t\t<path fill=\"#fff\" d=\"M2 0a2 2 0 0 0-2 2v2h1.5V2a.5.5 0 0 1 .5-.5h2V0H2Zm2 10.5H2a.5.5 0 0 1-.5-.5V8H0v2a2 2 0 0 0 2 2h2v-1.5ZM8 12v-1.5h2a.5.5 0 0 0 .5-.5V8H12v2a2 2 0 0 1-2 2H8Zm2-12a2 2 0 0 1 2 2v2h-1.5V2a.5.5 0 0 0-.5-.5H8V0h2Z\" \/>\n\t\t\t<\/svg>\n\t\t<\/button><figcaption class=\"wp-element-caption\"><strong><a href=\"https:\/\/parkolik.com\/index.php\/tren-serisi-par-1006\/\" data-type=\"page\" data-id=\"2856\">Tren Serisi <br>Par 1006<\/a><\/strong><\/figcaption><\/figure>\n<\/figure>\n\n\n\n<hr class=\"wp-block-separator has-alpha-channel-opacity\"\/>\n\n\n\n<h3 class=\"wp-block-heading\">\ud83d\ude82 <strong>Tren Serisi: Oyun Yolculu\u011fu Ba\u015flas\u0131n!<\/strong><\/h3>\n\n\n\n<p><strong>Tren Serisi<\/strong>, \u00e7ocuklara hayal d\u00fcnyas\u0131nda bir tren yolculu\u011fu deneyimi ya\u015fatmak i\u00e7in tasarlanm\u0131\u015f tematik bir oyun park\u0131 serisidir. Renkli vagonlar, lokomotif fig\u00fcrleri ve rayl\u0131 ge\u00e7it temalar\u0131yla \u00e7ocuklar\u0131 e\u011flence dolu bir maceraya davet eder.<\/p>\n\n\n\n<hr class=\"wp-block-separator has-alpha-channel-opacity\"\/>\n\n\n\n<h4 class=\"wp-block-heading\">\ud83d\udee4\ufe0f <strong>Hayal G\u00fcc\u00fcn\u00fc Hareket Ettir<\/strong><\/h4>\n\n\n\n<p>Tren Serisi; birbirine ba\u011fl\u0131 vagonlar, t\u00fcneller, k\u00f6pr\u00fc ge\u00e7i\u015fleri ve mini istasyon alanlar\u0131yla \u00e7ocuklar\u0131n rol yapma oyunlar\u0131n\u0131 destekler. \u00c7ocuklar kendi trenlerini \u201cs\u00fcrer\u201d, yeni istasyonlar ke\u015ffeder ve arkada\u015flar\u0131yla keyifli bir oyun kurar.<\/p>\n\n\n\n<hr class=\"wp-block-separator has-alpha-channel-opacity\"\/>\n\n\n\n<h4 class=\"wp-block-heading\">\ud83e\uddd2 <strong>Sosyal ve E\u011fitici<\/strong><\/h4>\n\n\n\n<p>Lokomotifler, kargo vagonlar\u0131 ve tren gar\u0131 detaylar\u0131, \u00e7ocuklar\u0131n hem bireysel hem grup oyunlar\u0131 oynamas\u0131na imk\u00e2n tan\u0131r. Payla\u015fmay\u0131, s\u0131raya girmeyi, ileti\u015fim kurmay\u0131 ve birlikte hareket etmeyi \u00f6\u011fretir.<\/p>\n\n\n\n<hr class=\"wp-block-separator has-alpha-channel-opacity\"\/>\n\n\n\n<h4 class=\"wp-block-heading\">\ud83c\udfa8 <strong>Renkli, Sevimli ve Dikkat \u00c7ekici<\/strong><\/h4>\n\n\n\n<p>Tren Serisi canl\u0131 renkleri ve detayl\u0131 tasar\u0131m\u0131yla \u00e7ocuklar\u0131n ilgisini hemen \u00e7eker. Renkli lokomotif ba\u015fl\u0131klar\u0131, pencereli vagonlar ve sevimli istasyon panolar\u0131 park alan\u0131na s\u0131cak bir atmosfer katar.<\/p>\n\n\n\n<hr class=\"wp-block-separator has-alpha-channel-opacity\"\/>\n\n\n\n<h4 class=\"wp-block-heading\">\ud83d\udee1\ufe0f <strong>Dayan\u0131kl\u0131 ve G\u00fcvenli<\/strong><\/h4>\n\n\n\n<p>T\u00fcm vagon mod\u00fclleri, toksik madde i\u00e7ermeyen dayan\u0131kl\u0131 malzemelerle \u00fcretilir. Sivri k\u00f6\u015fe yoktur, d\u00fc\u015fme riskine kar\u015f\u0131 y\u00fckseklikler kontroll\u00fcd\u00fcr. EN1176 standartlar\u0131na tam uyumludur.<\/p>\n\n\n\n<hr class=\"wp-block-separator has-alpha-channel-opacity\"\/>\n\n\n\n<h4 class=\"wp-block-heading\">\ud83d\udccd <strong>Kullan\u0131m Alanlar\u0131<\/strong><\/h4>\n\n\n\n<ul class=\"wp-block-list\">\n<li>Kre\u015f ve anaokullar\u0131<\/li>\n\n\n\n<li>Tema parklar\u0131<\/li>\n\n\n\n<li>AVM i\u00e7i \u00e7ocuk oyun alanlar\u0131<\/li>\n\n\n\n<li>Site i\u00e7i parklar<\/li>\n\n\n\n<li>Dinlenme tesisleri ve restoran bah\u00e7eleri<\/li>\n<\/ul>\n\n\n\n<hr class=\"wp-block-separator has-alpha-channel-opacity\"\/>\n\n\n\n<h3 class=\"wp-block-heading\">\u2728 <strong>\u201cTren Serisi: Her Durak Bir Macera!\u201d<\/strong><\/h3>\n\n\n\n<p><strong>Tren Serisi<\/strong>, \u00e7ocuklara hem e\u011flenceli hem de \u00f6\u011fretici bir oyun deneyimi sunar. Rol yapmay\u0131, hayal kurmay\u0131 ve ke\u015ffetmeyi seven minikler i\u00e7in trenin kalk\u0131\u015f d\u00fcd\u00fc\u011f\u00fc hi\u00e7 susmaz!<\/p>\n","protected":false},"excerpt":{"rendered":"<p>\ud83d\ude82 Tren Serisi: Oyun Yolculu\u011fu Ba\u015flas\u0131n! Tren Serisi, \u00e7ocuklara hayal d\u00fcnyas\u0131nda bir tren yolculu\u011fu deneyimi ya\u015fatmak i\u00e7in tasarlanm\u0131\u015f tematik bir oyun park\u0131 serisidir. Renkli vagonlar, lokomotif fig\u00fcrleri ve rayl\u0131 ge\u00e7it temalar\u0131yla \u00e7ocuklar\u0131 e\u011flence dolu bir maceraya davet eder. \ud83d\udee4\ufe0f Hayal G\u00fcc\u00fcn\u00fc Hareket Ettir Tren Serisi; birbirine ba\u011fl\u0131 vagonlar, t\u00fcneller, k\u00f6pr\u00fc ge\u00e7i\u015fleri ve mini istasyon alanlar\u0131yla [&hellip;]<\/p>\n","protected":false},"author":1,"featured_media":0,"parent":0,"menu_order":0,"comment_status":"closed","ping_status":"closed","template":"","meta":{"footnotes":""},"class_list":["post-1837","page","type-page","status-publish","hentry"],"_links":{"self":[{"href":"https:\/\/parkolik.com\/index.php\/wp-json\/wp\/v2\/pages\/1837","targetHints":{"allow":["GET"]}}],"collection":[{"href":"https:\/\/parkolik.com\/index.php\/wp-json\/wp\/v2\/pages"}],"about":[{"href":"https:\/\/parkolik.com\/index.php\/wp-json\/wp\/v2\/types\/page"}],"author":[{"embeddable":true,"href":"https:\/\/parkolik.com\/index.php\/wp-json\/wp\/v2\/users\/1"}],"replies":[{"embeddable":true,"href":"https:\/\/parkolik.com\/index.php\/wp-json\/wp\/v2\/comments?post=1837"}],"version-history":[{"count":3,"href":"https:\/\/parkolik.com\/index.php\/wp-json\/wp\/v2\/pages\/1837\/revisions"}],"predecessor-version":[{"id":2858,"href":"https:\/\/parkolik.com\/index.php\/wp-json\/wp\/v2\/pages\/1837\/revisions\/2858"}],"wp:attachment":[{"href":"https:\/\/parkolik.com\/index.php\/wp-json\/wp\/v2\/media?parent=1837"}],"curies":[{"name":"wp","href":"https:\/\/api.w.org\/{rel}","templated":true}]}}